+ 10. What is the remainder when 32 is divided by 0 + g + 7 + 8?
15
Let y(i) be the third derivative of i**6/120 - 11*i**5/60 - 7*i**4/4 + 8*i**3/3 + 3*i**2 - 12*i. What is the remainder when 191 is divided by y(14)?
15
Suppose 4*n - 19 = -5*g + 8*g, 18 = 4*n - 2*g. Calculate the remainder when 4 is divided by n.
0
Let s(d) = -d**3 - 7*d**2 - 12*d - 4. Let v be s(-4). Suppose -6*k + 2*k = -32. Calculate the remainder when (-2)/(-4) + (-58)/v is divided by k.
7
Calculate the remainder when (1/2)/((-1)/(-114)) is divided by (-7 - (-228)/(-12)) + 41.
12
Let p(z) = -z**3 - 8*z**2 + 3*z - 7. Suppose -6*q + 36 = -0*q. Let u(o) = -6*o**2 + 39*o - 2. Calculate the remainder when p(-9) is divided by u(q).
15
Suppose 58*d + 7*d = -108*d. Let j = 178 - 122. Suppose u + s - 49 = d, s + j + 120 = 4*u. What is the remainder when 223 is divided by u?
43
Let n(u) = -u**3 - 11*u**2 + 2*u + 146. Calculate the remainder when 257 is divided by n(-11).
9
Suppose -193*d = -77*d - 1972. Calculate the remainder when 1166/3 - 2/(-3)*-1 is divided by d.
14
Let c(k) = -8*k - 157. Let r be c(-20). Suppose t - 12 = r*q + 17, -18 = -2*t - 2*q. Calculate the remainder when 52 is divided by t.
10
Suppose -3*p - 9 = -24. Suppose 3*u = -37*u - 70*u + 2640. Suppose 45 = 4*b + b + p*h, -2*h = -5*b + u. Calculate the remainder when 22 is divided by b.
4
Calculate the remainder when 560 is divided by 18513/605*(-5)/(-3).
50
Suppose 133 = -35*y + 36*y - 3*c, 0 = -2*y - 3*c + 230. Calculate the remainder when 352 is divided by y.
110
Let p(k) = 73*k + 2628. Calculate the remainder when p(-33) is divided by 163.
56
Let r(x) = -214*x - 804. Calculate the remainder when 205 is divided by r(-4).
49
Suppose 0 = -3*u - v + 280, -5*u + 327 = v - 137. Suppose -7*j + 5*h = -10*j + u, 2*h = 2*j - 88. What is the remainder when j is divided by 7?
4
Let m(p) = -p**2 + 9*p - 1. Let k be m(6). Let t be (-17750)/(-426) - 8/3. Suppose k = 7*i - t. Calculate the remainder when 12 is divided by i.
4
Let k(f) = -14*f + 71. Let x be k(10). Let t = -2 - x. Calculate the remainder when t is divided by 7.
4
Let w be (-3 - (-2 + -1))/2 + -2. Calculate the remainder when (5/w)/(-2 - -3)*-46 is divided by 9.
7
Let h(l) = l**3 + 34*l**2 + 20*l + 43. Let k be h(-33). Suppose -4*a - 208 = -6*a - 4*x, 0 = -5*a + 2*x + k. Calculate the remainder when a is divided by 38.
20
Let s(a) = 58*a - 31. Let t = -31 - -85. Calculate the remainder when s(7) is divided by t.
51
Let r(i) = -i + 136. Let n be r(6). Calculate the remainder when 1/(-5) - (-7176)/n is divided by 7.
6
Let t(h) = 76*h + 29. Let x be t(3). Calculate the remainder when (x/(-3))/((-6)/18) is divided by 43.
42
Suppose -42*x - 12160 = -202*x. Calculate the remainder when 959 is divided by x.
47
Suppose d = w + 4, 295*d = 298*d - 15. Let g = 11 + -22. Let i = g - -14. Calculate the remainder when i is divided by w.
0
Let d(c) = 20*c - 6*c - 3*c**2 + 9 + 0*c**2 + 5 + 2 - c**3. Calculate the remainder when 146 is divided by d(-6).
26
Suppose 3*l - 165 = -2*l + 2*m, 0 = -4*l - 4*m + 104. Suppose -3*u - 4*u + 1210 = -2*u. What is the remainder when u is divided by l?
25
Suppose -4*k - 36 = -208. What is the remainder when 85 is divided by k?
42
Suppose -25*g + 9469 = -8*g. Calculate the remainder when g is divided by 177.
26
Suppose 5*g + 576 = 2*c, 9*c = -3*g + 13*c - 354. Let d = -97 - g. What is the remainder when 186 is divided by d?
16
Suppose 2*t - 62 = 14. Let k = 73 - t. Let x = k - 29. Calculate the remainder when x is divided by 3.
0
Let x(v) = v**3 + 39*v**2 - 82*v + 26. Calculate the remainder when 71 is divided by x(-41).
19
Let u(k) = k**3 - 6*k**2 + k - 7. Let y be u(6). Let d(h) = -9*h**3 - h. What is the remainder when (2 + 5 + -94)*(-2 - -1) is divided by d(y)?
7
Suppose -81 = -3*l + 24. Suppose l*d = 40*d - 530. Calculate the remainder when d is divided by 36.
34
Suppose 8*v - 71 = 31 + 18. What is the remainder when 6252 is divided by v?
12
Suppose 10 = i + 4*i. Suppose h - 5*f - 28 = 0, 0 = i*f - 7 + 3. What is the remainder when 147 is divided by h?
33
Let h(g) = 10*g + 417. Calculate the remainder when h(-38) is divided by 15.
7
Let f = -75 + 105. Suppose c - 26 = k, 3*k = 2*c - 195 + 150. Suppose f*d - c*d = -192. What is the remainder when d is divided by 17?
13
Suppose -5*k = -11*k - 1278. Let z = 245 + k. Let m = -21 - -38. Calculate the remainder when z is divided by m.
15
Suppose 0 = -4*j - 11*s + 8576 + 2757, 2*s = 5*j - 14245. Calculate the remainder when j is divided by 50.
47
Let k = -2318 + 2323. Calculate the remainder when 20 is divided by k.
0
Suppose -350 = -12*h + 166. Suppose -9 = -13*q + h. What is the remainder when q is divided by 2?
0
Let u(c) = -10*c + 15 + 11*c + 6*c - c**2. Let j be u(9). What is the remainder when 32 is divided by 21/6*4 + j?
10
Let v(m) be the first derivative of 3*m**4/4 + 19*m**3 + 17*m**2 - 34*m + 8. What is the remainder when v(-18) is divided by 82?
80
Suppose y = -3*v + 8 + 6, -5*y + 31 = 2*v. Suppose 9*i = v*i - 36. Calculate the remainder when 9 is divided by 3/i*1*-12.
3
Suppose 9251 + 105 = 4*s + 5*j, 3*s - 7017 = -3*j. Suppose 11*w - s - 1951 = 0. What is the remainder when w is divided by 49?
47
Let d(i) = i**2 + 44*i + 371. Let p = -42 + 65. What is the remainder when d(-35) is divided by p?
10
Let s = 98 - 84. Suppose 8*i + s*i = 1936. What is the remainder when i is divided by 45?
43
Let h(c) = c**3 + 24*c**2 - 22*c + 33. Let t be h(-25). Let w = 195 + t. What is the remainder when w is divided by 31?
29
Suppose 24*c + 5*a = 29*c - 12310, 2*a = c - 2467. What is the remainder when c is divided by 123?
120
Suppose 0 = u - 14 - 3. What is the remainder when (75/6)/((-1)/6)*-1 is divided by u?
7
Let q be ((-3432)/(-16))/(-13)*-6. Suppose -108*y + 1143 = -q*y. What is the remainder when y is divided by 16?
15
Calculate the remainder when 49586 is divided by (-102)/69*(-1771)/154.
14
Let r = 346 + -348. Let t(d) = -2*d**3 + 3*d**2 + 6*d + 9. What is the remainder when t(r) is divided by 16?
9
Let t(b) = -4*b**3 - 100*b**2 - 20*b + 76. What is the remainder when 6600 is divided by t(-26)?
0
Suppose 12 = z + 2*s, 3*z - 3*s = -s - 4. Suppose -129 = z*c - g, 54 = c + 3*g + 129. Let y = c + 84. Calculate the remainder when 69 is divided by y.
15
Suppose n = 4*a + 49, -5 = 5*n + 2*a - 118. What is the remainder when 975 is divided by n?
0
Suppose -6336 = -7*a - 65*a. Let i = 57 - 27. Calculate the remainder when a is divided by i.
28
Let a = 1228 - 684. Suppose 0 = -176*m + 163*m + 2769. Calculate the remainder when m is divided by a/10 + 8/(-20).
51
Suppose 155*b - 204*b = -1225. What is the remainder when 12823 is divided by b?
23
Suppose -1 - 87 = -4*c. Calculate the remainder when -2 - 46/(-24) - 14724/(-432) is divided by c.
12
What is the remainder when 556 is divided by 9 - -188 - 10 - (3 - -1)?
7
Let s(f) = f**3 + 45*f**2 + 39*f - 216. Suppose -3*m = -m - 60. Calculate the remainder when m is divided by s(-44).
2
Suppose 21192*u = 21221*u - 13659. Calculate the remainder when u is divided by 238.
233
Let z(b) = b**3 - 19*b**2 - 14*b - 132. What is the remainder when z(21) is divided by 92?
88
Let i = -15 - 3. Let t(g) = g**3 + 17*g**2 - 26*g - 8. Let f be t(i). Suppose -h = h - f. Calculate the remainder when h is divided by 23.
22
Let w = 166 - 137. What is the remainder when 70 is divided by w?
12
Let w(v) = v**3 + 14*v**2 + 12*v + 3. Let z be w(-13). Suppose -18*u + z*u + 28 = 0. Suppose -25*q + 23*q = -u. Calculate the remainder when 13 is divided by q.
6
Let d(q) = q**3 - 21*q**2 - 49*q + 85. Let w = 631 - 608. Suppose 3*t - 35 = -8. Calculate the remainder when d(w) is divided by t.
7
Suppose 4*v - g + 239 = 1034, -g + 605 = 3*v. Calculate the remainder when v is divided by 188.
12
Let n(s) = -s**3 + 6*s**2 + 2*s - 5. Let z = -16 + 21. Let i be n(z). Suppose 6*t = -0*t + i. Calculate the remainder when 5 is divided by t.
0
What is the remainder when -2*(440/20 - 525) is divided by 26?
18
Suppose 2*h - 39 = 4*i - 491, -3*i + h + 337 = 0. Let v = 45 + -26. Calculate the remainder when i is divided by v.
16
Let c(h) = -2*h + 21. Let d be (-2 - 0)*17/6*3. Let x be 23/3 + d/(-51). What is the remainder when c(x) is divided by 4?
1
Calculate the remainder when -3 - (((-11824)/